+ -79762. Is r prime?
False
Let l be 6/10 - (-3520078)/145. Suppose -5*p + 11*t + 40468 = 14*t, l = 3*p - 2*t. Is p a prime number?
True
Suppose 15*n - 6 = 13*n. Suppose 4*b + 3*z - 4*z - 23 = 0, n*b = 3*z + 6. Is b prime?
True
Let c(k) = 158*k - 3. Let z be c(2). Suppose 3*g = 4*a + 174, z = 5*g - 0*g + a. Suppose g + 25 = b. Is b a prime number?
False
Let w(y) be the third derivative of y**6/120 + 8*y**5/15 - y**4/3 + 19*y**3/6 - 31*y**2 - y. Is w(-26) prime?
True
Let i = -11992 + 20731. Suppose 0 = -4*a + 5*q - 3074, a = 3*a - 4*q + 1540. Let f = i - a. Is f a composite number?
True
Let u be 2/(-2)*(3 - 3) - 31. Is (-32 - u)/(2/(-4886) + 0) a composite number?
True
Suppose -5*i + 107 = -73. Let a(z) = -390*z - 166*z - 217*z - i. Is a(-5) composite?
True
Let r(y) = 3*y**2 - 18*y + 51. Let g be r(4). Suppose -g*f = -20656 - 12122. Is f prime?
False
Suppose 99*q - 101*q + 146776 = k, -2*q = -k + 146772. Is k composite?
True
Let u(t) = 16267*t - 3768. Is u(17) prime?
True
Let l be (-176)/(-110) - 2/(-5). Suppose -3*j - 4*t = -965, -l*j - 2*t - 3*t = -648. Is j prime?
False
Let h(i) = -12*i**3 + 29*i**3 - 9*i**3 - 12*i**2 - 6*i**3 - 17*i - 10. Is h(15) prime?
False
Suppose -10867973 = -124*d - 1952497. Is d prime?
True
Is ((-183268)/16)/(5/(-20)) a prime number?
True
Is 3*8/120*2755535 a composite number?
False
Let z = 36 + -32. Let n(x) = 21*x + 10. Let u be n(z). Suppose -w + u + 67 = 0. Is w composite?
True
Let u = 99 + -88. Let t be (-10)/(-2) - 6 - u. Let y = 18 + t. Is y composite?
True
Let s = 5033108 + -1608103. Is s a prime number?
False
Let g be -2 + 0 + 2 - 3. Let j = g + 15. Is (595 - j)/(1 - 0) composite?
True
Suppose -1 = -2*a + 3*b, 4*b + 1 - 23 = -2*a. Suppose 30 = a*x + x. Let i = x + 576. Is i a composite number?
True
Suppose -3*b + v + 11 = 0, 4*b = -v + 4*v + 23. Let k(a) = 13*a - 155. Let c be k(12). Is ((-233)/(-2))/(c/b) prime?
True
Suppose t + 7*l = 8*l + 180109, 10*t = -l + 1801112. Is t a composite number?
True
Let c(o) = -o**3 + 7*o**2 - 10*o + 3. Let t be c(5). Suppose -u + t + 3 = 0. Is (301/(-2))/((-3)/u) a composite number?
True
Suppose 364 = 6*n + 8*n. Suppose n*s - 30*s + 32 = 0. Let c(w) = 19*w + 25. Is c(s) prime?
False
Let u(d) = 4*d + 1. Suppose -3*i - 14 = -5*i. Let l be u(i). Is 191/(-4 - l/(-7)) prime?
False
Let n = 137584 + 5173. Is n a composite number?
False
Let c(g) = -2*g + 21. Let z be -4 + (-4)/(-8)*14 - -5. Let i be c(z). Suppose 0 = -3*t + 5*t - 5*v - 183, -2*v - 447 = -i*t. Is t a prime number?
True
Is -7 - -186893 - (-2)/2 composite?
True
Let y be (-4)/(-6) + (-5)/((-45)/52176). Suppose -y = -3*j - 10*j. Is j a composite number?
True
Suppose 2*h - 56 - 19 = -5*f, 5*h - 45 = -3*f. Let c(q) = 4*q + f*q**2 - 1 - 2 + 3*q**3 - q**3 - q**3. Is c(-9) a prime number?
False
Let b(f) = f**3 + 27*f**2 - 49*f - 49. Suppose -191 = 4*p - 87. Is b(p) a prime number?
True
Suppose 0 = 62*v - 1461007 - 3195751. Is v a prime number?
True
Suppose -160*y - 479603328 = -544*y. Is y prime?
False
Let y be (-130)/15*-9*8/12. Let j(w) = 130*w + 309. Is j(y) a prime number?
True
Suppose 0 = -0*d + 2*d - 64. Let g be d/1*(4 + -3). Let q = 153 - g. Is q a composite number?
True
Suppose 1259520 = 6*t + 2*u, -t - u = -124544 - 85374. Is t prime?
False
Let f = 174878 + -26215. Is f a prime number?
True
Let v = 4779 + -2606. Suppose -4*p - v = -61345. Is p a prime number?
False
Let m(y) = 1 - 3153*y**2 + 15*y + 134*y**3 - 331*y**3 + 3151*y**2. Is m(-4) a prime number?
True
Let f(q) = -2*q**3 - 74*q**2 + 75*q + 59. Is f(-52) composite?
False
Let u be (11/22 - (-5)/(-2)) + 2. Suppose j - 2*g - 4 = u, 0 = -j + 3*j - g - 5. Suppose 0 = y + 2*q - 1191, -j*q - 677 - 518 = -y. Is y a composite number?
False
Let y(i) = 183*i - 265. Suppose 15*q + 31 = 211. Is y(q) prime?
True
Suppose -2*g + 265468 = 5*z, 2*g - 85214 = 5*z + 180314. Is g a composite number?
False
Suppose 0 = -4*r + 29*r. Suppose r = 5*b - 17*b + 8028. Is b prime?
False
Let f be 15 - 14 - (1 + -1024). Is 0 - 3 - (27/9 - f) composite?
True
Let c(j) = -2*j**2 - 4*j. Let r be c(5). Let q = -73 - r. Is 3490/6 - (-2)/q a prime number?
False
Suppose -162*m - 81 = -159*m. Is 3 + (-220896)/m + 2/3 a composite number?
True
Let o be (1 + -2)*0/(-2). Let h(g) = 3*g + 2715. Let f be h(o). Let a = -1574 + f. Is a composite?
True
Let k(i) = 3*i**3 - 3*i**2 - 5*i + 2. Let t be k(4). Suppose 6*o - 6 + t = 0. Is 0*(-5)/o - -1057 a composite number?
True
Is 2 + (-336)/156 + (-150570)/(-26) prime?
True
Suppose -7*g = 1 - 15. Suppose 0*w - 5*w - 2*r + 25972 = 0, 2*r - g = 0. Let u = w - 3209. Is u composite?
True
Let y(j) = 3*j**3 - 8*j**2 - 8*j - 1102. Let w(x) = x**3 - 3*x**2 - 3*x - 367. Let d(f) = 11*w(f) - 4*y(f). Is d(0) prime?
False
Let g(f) = 3*f**3 - 54*f**2 - 31*f + 29. Is g(30) prime?
False
Suppose -3*r + 3 = 0, 3*y = -28*r + 27*r + 424699. Is y a prime number?
False
Let m(h) = -191*h**2 + 29*h - 43. Let r(n) = 191*n**2 - 25*n + 43. Let o(j) = 5*m(j) + 6*r(j). Is o(4) a prime number?
True
Suppose d = 3*f + 111044, 97*f = -3*d + 100*f + 333102. Is d composite?
False
Let l(p) = p**2 + 9*p + 77533. Let q be l(0). Suppose 6*n - q = -17*n. Is n a composite number?
False
Let g = 323040 - -397475. Is g prime?
False
Suppose 607336 = -84*f + 92*f. Is f prime?
False
Let b(v) = 2*v - 18. Let l be b(6). Let t be (-15)/l*2*(0 + -2). Let m(z) = 8*z**2 - z + 29. Is m(t) a prime number?
True
Suppose l - a = 26229, 32528 = 4*l - a - 72400. Is l a composite number?
True
Let j = 4124 - 2075. Let a = -832 + j. Suppose -3*m = -2*p + a, -7*p + 6*p + 4*m + 601 = 0. Is p a prime number?
True
Suppose -242221 = -2*x + 5*o, -328906 = -5*x - 5*o + 276734. Is x prime?
True
Let f be 16 - (-14 + 384/16). Let c = 1343 + 4405. Suppose 18*a - f*a = c. Is a a prime number?
True
Suppose 4*r = 3*l - 5*l + 135198, -4*r = 3*l - 202791. Suppose 27*g + l = 30*g. Is g prime?
True
Let t be ((-8)/10)/(34668/8670 + -4). Is t + ((-36)/(-4))/3 prime?
False
Let k be 3/(3/(-10))*1/(-2). Suppose -k*f = -10772 + 282. Is (13/13)/(2/f) a composite number?
False
Let j(m) = 49759*m - 138. Is j(5) prime?
True
Suppose -496*j = -506*j + 820. Suppose -2*o + 3*p + 1841 = 0, -o + 2*p + p + 928 = 0. Let l = j + o. Is l a prime number?
False
Let o(x) = -648*x - 7859. Is o(-32) a composite number?
True
Suppose -2*a - 35*k = -38*k - 3287, 4*a - 4*k = 6572. Is a prime?
False
Let t be (19 + -33)*(-6)/21. Suppose -8566 = -t*n + 36142. Is n prime?
True
Suppose -2*d - 3*d = 0. Suppose 4*w + d*h - 5*h - 74784 = 0, 0 = -5*w - 4*h + 93521. Is w prime?
True
Let f(n) = 2 + 3*n - 15*n**2 + 11*n - n**3 - 18 - 17. Let y be f(-16). Is y/(1/4) + (-2 - -1115) prime?
True
Let z = -101125 + 200192. Is z a prime number?
False
Let w(m) be the third derivative of 116*m**5/15 - m**4/2 + 17*m**3/6 + 5*m**2 - 5*m. Is w(4) composite?
False
Let w(n) = n**2 + 2*n - 28. Let v be w(-22). Let j = v - 188. Suppose -o + 259 = -4*q, -j = -o - 0*q - 3*q. Is o a composite number?
False
Let d be 96*5/(-15)*3. Let o = d + 95. Is o/((0 - 2)/1670) a prime number?
False
Let p(q) = -376*q**2 - 5*q + 7. Let i(a) = a**2 + 6*a - 1. Let z(b) = -2*i(b) - p(b). Is z(-4) composite?
False
Suppose 6*w - 207 = -3*w. Is ((-1187)/(-2))/(w/46) prime?
True
Is -9*(-2)/(-3) - -455207 a composite number?
False
Is 89288933/122*2/6 - 4/(-24) prime?
False
Suppose 529585 = 13*q + 38848. Suppose -32*a + 217003 + q = 0. Is a composite?
True
Let i = -15884 - -240742. Is i prime?
False
Suppose -5*q = -2870 - 18810. Let c = -993 + q. Is c composite?
False
Let b = -466 + 468. Suppose 2*t - 3512 = 3*c, -b*c = 2*t + t - 5281. Is t composite?
False
Is (15 - 660/45)/(1/2484507*1) a prime number?
True
Is -2 + 6 - (-18626 - -7) a composite number?
True
Is (4 - (-76)/(-20))/((-1)/(-322165)) a composite number?
False
Let k = 349 - -63. Let w be 1/(24/k) + (-1)/6. Suppose 0 = t + w - 108. Is t a prime number?
False
Let y be 1 - 1 - (-6)/2. Let n be (114/(-15))/(y/(-15)). Let w = -15 + n. Is w prime?
True
Suppose -4*c = 4*d - 497468, 53*d = 3*c + 50*d - 373137. Is c prime?
False
Let i be (-1 + 543)/((-8)/20). Let g = i - -1965. Suppose 4*p = 2*p + g. Is p a prime number?
False
Let f(u) = -496*u**3 + 2*u**2 + 82*u - 51. Is f(-9) prime?
False
Let m(s) = 80*s**2 - 12*s - 29. Let j be m(-13). Suppose 5*i - 17279 = b, 0